8
Let r(x) = x**3 - x**2 + x - 1. Let w(c) = 13*c**3 + 3*c**2 - 4*c + 3. Let f = 64 - 53. Let t = 10 - f. Let q(s) = t*w(s) - 2*r(s). Give q(1).
-15
Let n(s) be the second derivative of -1/6*s**3 - 3/2*s**2 + 1/12*s**4 + s - 22. What is n(-4)?
17
Let d(j) be the third derivative of j**5/30 + 2*j**4 - 5*j**3/3 + 2903*j**2. Give d(-24).
-10
Let d be 5 + 1 - 3 - (-8)/(-2). Let g(p) = -15*p - 5*p + 27*p - 8*p. Give g(d).
1
Let i = -83 - -190. Let o(j) = i*j**2 + 6 + 10*j - j**3 - 217*j**2 + 101*j**2. What is o(-10)?
6
Let o(u) be the third derivative of u**5/60 - 19*u**4/24 + 29*u**3/2 + 34*u**2 + 6. What is o(14)?
17
Let z(w) = -w. Let a(u) = -9*u. Let d be a(-1). Suppose 15 + 21 = -d*s. Let m be ((-4)/8*s)/(4/14). Give z(m).
-7
Let y(b) = -27*b - 85. Suppose 96 = -249*h + 217*h. Calculate y(h).
-4
Let o(p) = 5*p**2 + 13*p - 25. Let y be o(-4). Let b(n) = -6*n**2 - n + 11. Determine b(y).
-46
Let n(s) = 2*s**3 - 2*s**2 - 4*s - 3. Suppose 80*w = 87*w + 84. Let d be 18/45 - 0 - w/(-5). Calculate n(d).
-19
Let y be (-7)/((-126)/(-30))*(-30)/25. Let b(i) = 4 - 4*i + y + 2*i + 3*i - 3. Let f = 4 - -1. Determine b(f).
8
Let l be 66/(-55) - (-28)/10*4. Let y(p) = 2*p**2 - 6 - 3*p**2 + p - 9*p + 2*p**2. Give y(l).
14
Let j(r) = -r**2 + 5*r - 8. Let p(a) = 3*a**3 + 16*a**2 + 3*a - 4. Let m be (-584)/120*1 - 4/30. Let w be p(m). What is j(w)?
-14
Let p(a) = -17 - 23 - 5*a - 18 + 43. Give p(-11).
40
Let r(w) = w + 3. Let q be r(-4). Let y be q/((-1 - -2)/(-4 + -1)). Let i(z) = -z**2 + 4*z. Calculate i(y).
-5
Let s(o) = -5*o**2 + 2*o**3 - o - 3*o**3 + 29 + 5*o**2 + o**2. Suppose 5*l + 3*z + 34 - 19 = 0, -l + 10 = -2*z. What is s(l)?
29
Let j = 31 + -22. Let c(v) = 5*v**3 + 15*v**2 + 36*v - 3. Let z(q) = 6*q**3 + 16*q**2 + 42*q - 3. Let t(w) = 7*c(w) - 6*z(w). Determine t(j).
-3
Suppose 2*n = -n - 3*s + 51, 3 = -n + 3*s. Suppose 5*t - 2*g - g = 22, -2*t - 4*g = n. Let q(m) be the first derivative of 2*m**2 - 2*m - 1455. Give q(t).
6
Let j(p) = p**2 - 17*p + 26. Let x(r) = r**2 - 15*r + 23. Let v(s) = -3*j(s) + 4*x(s). Determine v(5).
-6
Let v(r) = 2*r + 35. Let x be v(-14). Suppose x = -5*j + 17. Let g(q) = -50 - j*q + 26 + 25 + 4*q - q**2. Calculate g(2).
1
Let f(z) be the first derivative of -z**4/4 - 8*z**3/3 - 6*z**2 - 38*z - 2490. Give f(-7).
-3
Let q(v) = 2*v**2 - 74*v + 63. Let m = 19046 + -19010. What is q(m)?
-9
Let d(i) = -6*i**3 - 5*i**3 - 10 + 10*i**3 + 4*i**2 + 2*i**3 - 8*i**2 + 4*i. Suppose -5*j - 7 = -27. What is d(j)?
6
Let d(x) = -4*x**2 + 41*x - 97. Let c be d(16). Let z = c + 474. Let i(v) = v + 1. Calculate i(z).
10
Let q(z) = 13*z**2 - 25*z - 149. Let x(d) = 33*d**2 - 48*d - 292. Let r(k) = 5*q(k) - 2*x(k). What is r(-7)?
-7
Let n be (36/30 - 2)*-15*6/(-9). Let v(t) = -12*t - 9. Give v(n).
87
Let v(x) = -17*x**2 - 5*x + 6. Suppose 4*w - 5*z = 9*w + 10, -w - 5*z = 22. Calculate v(w).
-162
Let b(r) be the third derivative of r**6/120 + r**5/12 - 2*r**4/3 - 8*r**3/3 + 2445*r**2. Determine b(3).
8
Let m be 12/9*(14 - 8). Let a(j) = -2*j**2 + 4*j + 7. Give a(m).
-89
Let m(t) = -6*t**3 + t**2 + 4*t + 3. Let a = -3662 + 3661. Calculate m(a).
6
Let n be (4 - (966/312 - 6/(-39)))*-4. Let v(d) = -2*d**3 - d**2 + 5*d - 9. Give v(n).
21
Let h(q) = -5*q - 2. Let i(w) = w**3 - 3*w**2 - 6*w + 4. Let j be 4*(-1)/(-4) - -4. Let v be i(j). Suppose 3*a = -5*r + v, -2*a - r = -3*a. Calculate h(a).
-17
Let d(a) = -6*a**2 + 4*a + 2. Let t(b) = -2*b**2 + b. Let q(i) = -5*i**2 + 3*i - 1. Let l(r) = q(r) - 6*t(r). Let y(g) = 2*d(g) + 3*l(g). What is y(1)?
9
Suppose 24*t = 60 - 204. Let h(p) = -p - 15. What is h(t)?
-9
Let s = 32 + -26. Let w(g) = -g**3 + 7*g**2 + 6*g - 4. Let i(k) = -2*k**3 + 15*k**2 + 11*k - 7. Let a(z) = 2*i(z) - 5*w(z). What is a(s)?
-6
Let w(a) = -2*a**3 - 2*a**2 + 3 - 3*a - 4*a**2 - 4*a**2. Let j(q) = -3*q**3 - 11*q**2 - 4*q + 2. Let r(f) = 3*j(f) - 4*w(f). Calculate r(7).
-6
Let d(q) = q**3 - 15*q**2 + 9*q - 12. Let f = 1137 + -1123. What is d(f)?
-82
Let c be 15/(-4) + -1 + ((-27)/12 - -4). Let y(o) = 2*o**3 - 4*o**2 - 2*o + 6. Give y(c).
-78
Suppose 5*v - 82 = -257. Let n = -29 - v. Let x(c) = -5*c**2 - 2*c - 7. Let o(j) = -4*j**2 - 3*j - 7. Let s(b) = n*o(b) - 5*x(b). Calculate s(8).
-7
Let t(x) = 32*x - 34*x**2 - 465 + 72*x**2 - 36*x**2 + 412. Give t(-18).
19
Suppose 214*l = -3*k + 211*l - 15, -5*k = 4*l + 29. Let u(p) = -p + 11. Give u(k).
20
Let v be 1/(-3) + (-50)/(-15). Suppose 5*a - 33 = -b, v*b - 14 = -4*a + 8. Let w(h) = h**3 - a + 1 + 6*h**2 + 6 - 3. Determine w(-6).
-3
Let i(j) = -j**2 - 5*j + 6. Let b be i(-5). Let r(p) = -7*p + 28*p - 22*p. Let f(g) = 1. Let y(h) = -4*f(h) - r(h). Give y(b).
2
Let l(u) = u**2 + 17*u + 13. Suppose -65 = 3*r + 2*r. Let f be l(r). Let o be 1/(-2) + f/(-26). Let g(i) = 4*i**2 + i - 1. Determine g(o).
4
Suppose -4 = 22*s - 20*s. Let t be 3/s*(-4 + -1 + 3). Suppose y - 5 = -t. Let u(o) = -o**2 - 2*o + 1. Determine u(y).
-7
Suppose 3*c - 19 = -4*b, 3*b - c + 5 - 3 = 0. Let f(a) = -a - 3. Let i(j) = j - 1. Let n(s) = b*i(s) - f(s). What is n(-3)?
-4
Let u(x) = x**3 + 11*x**2 + 12*x + 24. Let m be u(-10). Let d(z) = 19*z + 8. Let p(r) = -7*r - 3. Let g(y) = m*d(y) + 11*p(y). Give g(-2).
1
Let o be (-2 - (-10)/5)/1. Suppose -5*v + 5*m = -33 + 3, o = 2*m + 6. Let h(k) = -3*k**2 - k**v + 6*k**2 - k**2 - 3*k**2 + k. What is h(0)?
0
Let g(j) be the second derivative of 0 + 5*j + 1/3*j**4 - 1/20*j**5 + 1/6*j**3 - 1/2*j**2. Suppose 0*a + 2*l = a - 3, l = 3*a - 9. What is g(a)?
11
Let t(w) = -4*w + 3. Suppose -3*p = -5*o - 69, -5*o - 52 - 21 = -p. Let u(d) = d + 0*d + 15 + 2. Let s be u(o). Give t(s).
-5
Let m(u) = 36*u - 983 + 966 - 38*u. Give m(-9).
1
Suppose -15*l = -14*l. Suppose 5*r = 9*d - 7*d + 6, -r + 3*d + 9 = l. Let s(n) = n + 16. Determine s(r).
16
Let p be 40/(-30)*-6 - (-4 - 1). Let u(q) = -9 + p*q - q**2 + 0*q - 3*q. What is u(8)?
7
Let a(l) = -2*l**2 - 3*l + 1. Let t = -21 - -24. Suppose t*r + 2*u + 7 = u, -17 = 3*r - 4*u. Give a(r).
-8
Let n(k) be the third derivative of 0*k + 3*k**2 + 0 + 1/2*k**3 + 1/24*k**4. Let z = -217 - -211. Give n(z).
-3
Let k(y) = y**3 - 4*y**2 + 5*y + 3. Let n be 7/3 + (40/15)/4. Give k(n).
9
Let x(p) = -7*p - 90. Let c be (-1)/9 + (-1740)/135. What is x(c)?
1
Let f(i) be the second derivative of i**5/20 + i**4/3 + i**3/3 - 2*i**2 - 46*i. Let b = -243 + 240. Determine f(b).
-1
Let p(m) = 20*m**2 + 37*m + 76. Let t(o) = -11*o**2 - 18*o - 37. Let c(h) = 6*p(h) + 11*t(h). Determine c(26).
-3
Let s(o) = o**3 - 16*o**2 - 20*o + 41. Let v = -4633 - -4650. Give s(v).
-10
Let y = 496 - 491. Suppose -6*u - y*u = 66. Let s(a) = a**3 + 7*a**2 + 7*a + 3. Determine s(u).
-3
Suppose 0*y + 2*y = l + 13, l = -1. Let m(n) = 13*n**2 + 67 - 14*n**2 + y*n - 68. Determine m(7).
-8
Let i be (-350)/(-4) + (-1)/2. Let v(t) = t**2 - 63*t + 976. Let u be v(42). Suppose x - u + i = 0. Let y(c) = -c**3 + 6*c**2 + 7*c. Determine y(x).
0
Let x = 513 + -369. Suppose 46 = -14*k + x. Let t(n) = -n + 10. Calculate t(k).
3
Let m(j) = -19*j**3 - 19*j**2 + 31*j + 9. Let o(y) = 5*y**3 + 5*y**2 - 8*y - 2. Let f(a) = -6*m(a) - 23*o(a). Give f(-2).
0
Let t(m) = 181*m**2 - 375*m - 25. Let a(d) = -116*d**2 + 250*d + 17. Let z(o) = -11*a(o) - 7*t(o). Determine z(14).
2
Let u = -435 - -437. Let n(j) = 45*j + j**u - 3 - 16*j - 24*j. What is n(-6)?
3
Let a(w) = -w + 2. Suppose -9210*c = -9205*c - 60. Let f(q) = -2*q**3 + 2*q**2 + q. Let n be f(2). Let j = c + n. Calculate a(j).
-4
Suppose -2*f = -5*g + 65, -5*g + 2*f = f - 65. Suppose -g*b = -12*b. Let q(p) = -75 + p + p**2 + 145 - 73. Give q(b).
-3
Suppose -53 = 2*d - 3*w - 19, 3*d - 4*w = -52. Let q(v) = 2*v - 48. Determine q(d).
-88
Let w(s) be the third derivative of -s**6/240 - s**5/30 - s**4/24 - 13*s**3/3 + 12*s**2. Let g(f) be the second derivative of w(f). Calculate g(-5).
11
Let y be 1 - (-142)/(-2)*(-5 - -4). Let m(f) = -49*f**3 + 6*f + 2*f + y*f**3 - 7*f. Calculate m(-1).
-24
Suppose 554 + 46 = 75*f. Let i(s) = s**3 - 9*s**2 + 8*s - 3. Calculate i(f).
-3
Suppose 12 = 3*v + 6. Let q(n) = 8 + 3 + 7*n + n**v - 2. Let d be 35/(-6) + 9/(-54). Calculate q(d).
3
Let y(t) = t**3 + 3*t**2 + t - 3. Suppose 56*f = 57*f - 29. Suppose 35*c + 18 = f*c. Calculate y(c).
-6
Let r(q) be the second derivative of q**5/20 - 5*q**4/12 + q**3/2 + 2*q**2 - 164*q. Let t 